{"id":20,"date":"2018-02-12T14:47:11","date_gmt":"2018-02-12T14:47:11","guid":{"rendered":"https:\/\/fesfs.com.br\/home\/?page_id=20"},"modified":"2020-11-15T21:49:24","modified_gmt":"2020-11-15T21:49:24","slug":"sobre-nos","status":"publish","type":"page","link":"https:\/\/fesfs.com.br\/home\/?page_id=20","title":{"rendered":"SOBRE N\u00d3S"},"content":{"rendered":"\t\t<div data-elementor-type=\"wp-post\" data-elementor-id=\"20\" class=\"elementor elementor-20\">\n\t\t\t\t\t\t<section class=\"elementor-section elementor-top-section elementor-element elementor-element-4df10ad elementor-section-full_width elementor-section-height-default elementor-section-height-default\" data-id=\"4df10ad\" data-element_type=\"section\" data-settings=\"{&quot;background_background&quot;:&quot;classic&quot;}\">\n\t\t\t\t\t\t<div class=\"elementor-container elementor-column-gap-no\">\n\t\t\t\t\t<div class=\"elementor-column elementor-col-100 elementor-top-column elementor-element elementor-element-2f1a18a\" data-id=\"2f1a18a\" data-element_type=\"column\">\n\t\t\t<div class=\"elementor-widget-wrap elementor-element-populated\">\n\t\t\t\t\t\t<div class=\"elementor-element elementor-element-475dfe9 elementor-widget elementor-widget-heading\" data-id=\"475dfe9\" data-element_type=\"widget\" data-widget_type=\"heading.default\">\n\t\t\t\t<div class=\"elementor-widget-container\">\n\t\t\t\t\t<h2 class=\"elementor-heading-title elementor-size-default\">A Federa\u00e7\u00e3o<\/h2>\t\t\t\t<\/div>\n\t\t\t\t<\/div>\n\t\t\t\t\t<\/div>\n\t\t<\/div>\n\t\t\t\t\t<\/div>\n\t\t<\/section>\n\t\t\t\t<section class=\"elementor-section elementor-top-section elementor-element elementor-element-53b28d2d elementor-section-content-middle elementor-section-boxed elementor-section-height-default elementor-section-height-default\" data-id=\"53b28d2d\" data-element_type=\"section\">\n\t\t\t\t\t\t<div class=\"elementor-container elementor-column-gap-extended\">\n\t\t\t\t\t<div class=\"elementor-column elementor-col-100 elementor-top-column elementor-element elementor-element-1d5dcda9\" data-id=\"1d5dcda9\" data-element_type=\"column\">\n\t\t\t<div class=\"elementor-widget-wrap elementor-element-populated\">\n\t\t\t\t\t\t<div class=\"elementor-element elementor-element-3fb36a3c elementor-widget elementor-widget-heading\" data-id=\"3fb36a3c\" data-element_type=\"widget\" data-widget_type=\"heading.default\">\n\t\t\t\t<div class=\"elementor-widget-container\">\n\t\t\t\t\t<h2 class=\"elementor-heading-title elementor-size-default\">HIST\u00d3RIA<\/h2>\t\t\t\t<\/div>\n\t\t\t\t<\/div>\n\t\t\t\t<div class=\"elementor-element elementor-element-1fa69725 elementor-widget elementor-widget-text-editor\" data-id=\"1fa69725\" data-element_type=\"widget\" data-widget_type=\"text-editor.default\">\n\t\t\t\t<div class=\"elementor-widget-container\">\n\t\t\t\t\t\t\t\t\t\u00c9 no futsal que o Esp\u00edrito Santo det\u00e9m seus principais t\u00edtulos de n\u00edvel nacional, primeiro em 1982 (\u00e0 \u00e9poca, ainda como futebol de sal\u00e3o), quando a sele\u00e7\u00e3o capixaba sagrou-se campe\u00e3 brasileira juvenil, e depois em 1992, com o Saldanha da Gama vencendo a Ta\u00e7a Brasil de Clubes, tamb\u00e9m na categoria juvenil. Arquibancadas lotadas, expectativa e emo\u00e7\u00e3o.\t\t\t\t\t\t\t\t<\/div>\n\t\t\t\t<\/div>\n\t\t\t\t<div class=\"elementor-element elementor-element-1aa3392 elementor-widget elementor-widget-text-editor\" data-id=\"1aa3392\" data-element_type=\"widget\" data-widget_type=\"text-editor.default\">\n\t\t\t\t<div class=\"elementor-widget-container\">\n\t\t\t\t\t\t\t\t\tEssas s\u00e3o as algumas das caracter\u00edsticas do futsal no Estado. Conquista e intera\u00e7\u00e3o faz parte da jornada da FESFS, que tem apoio de clubes tradicionais, como \u00c1lvares Cabral, Saldanha da Gama, dentre outros, e agremia\u00e7\u00f5es novas, como Jardim Limoeiro, Forte, Aest, Unesc (Colatina) etc.\t\t\t\t\t\t\t\t<\/div>\n\t\t\t\t<\/div>\n\t\t\t\t<div class=\"elementor-element elementor-element-889fd3f elementor-widget elementor-widget-text-editor\" data-id=\"889fd3f\" data-element_type=\"widget\" data-widget_type=\"text-editor.default\">\n\t\t\t\t<div class=\"elementor-widget-container\">\n\t\t\t\t\t\t\t\t\tAntes da funda\u00e7\u00e3o da FESFS, o futsal (\u00e0 \u00e9poca, ainda como futebol de sal\u00e3o) era vinculado a FACE, entidade que contava com mais de dez equipes em quatro modalidades esportivas, sendo presidida no seu \u00faltimo ano por Eulier Favaro Machado.\t\t\t\t\t\t\t\t<\/div>\n\t\t\t\t<\/div>\n\t\t\t\t<div class=\"elementor-element elementor-element-6266530 elementor-widget elementor-widget-text-editor\" data-id=\"6266530\" data-element_type=\"widget\" data-widget_type=\"text-editor.default\">\n\t\t\t\t<div class=\"elementor-widget-container\">\n\t\t\t\t\t\t\t\t\tMesmo com o sucesso conquistado dentro e fora do Estado, a FACE acabou por fechar suas portas, trazendo in\u00fameras preocupa\u00e7\u00f5es aos capixabas, amantes do esporte. Para que n\u00e3o houvesse paralisa\u00e7\u00e3o no ainda chamado futebol de sal\u00e3o, foi necess\u00e1rio buscar apoio na Federa\u00e7\u00e3o de Futebol de Campo (FDE), ent\u00e3o presidida por Luiz Gabeira.\t\t\t\t\t\t\t\t<\/div>\n\t\t\t\t<\/div>\n\t\t\t\t<div class=\"elementor-element elementor-element-6076244 elementor-widget elementor-widget-text-editor\" data-id=\"6076244\" data-element_type=\"widget\" data-widget_type=\"text-editor.default\">\n\t\t\t\t<div class=\"elementor-widget-container\">\n\t\t\t\t\t\t\t\t\tFoi ent\u00e3o que Nilo Etienne Duarte come\u00e7ou a fazer parte na hist\u00f3ria do esporte. Ele atuava na assessoria da entidade e passou a tomar conta dos esportes de quadra, realizando todos os campeonatos de futebol de sal\u00e3o. Os anos de gl\u00f3ria da FESFS foram no in\u00edcio da d\u00e9cada de 90.\t\t\t\t\t\t\t\t<\/div>\n\t\t\t\t<\/div>\n\t\t\t\t<div class=\"elementor-element elementor-element-7f2aa10 elementor-widget elementor-widget-text-editor\" data-id=\"7f2aa10\" data-element_type=\"widget\" data-widget_type=\"text-editor.default\">\n\t\t\t\t<div class=\"elementor-widget-container\">\n\t\t\t\t\t\t\t\t\tNesse per\u00edodo, o futsal capixaba realizava jogos o ano todo em todas as categorias, desde o fraldinha, nome carinhoso dado ao quadro de 9 a 10 anos, ao principal. O Campeonato Brasileiro de Sele\u00e7\u00f5es foi tamb\u00e9m um dos que marcaram a trajet\u00f3ria da Federa\u00e7\u00e3o, pois estiveram presentes as principais equipes do pa\u00eds.\t\t\t\t\t\t\t\t<\/div>\n\t\t\t\t<\/div>\n\t\t\t\t<div class=\"elementor-element elementor-element-d3a72be elementor-widget elementor-widget-text-editor\" data-id=\"d3a72be\" data-element_type=\"widget\" data-widget_type=\"text-editor.default\">\n\t\t\t\t<div class=\"elementor-widget-container\">\n\t\t\t\t\t\t\t\t\tNesse mesmo per\u00edodo, a sele\u00e7\u00e3o brasileira jogou no Estado, com enorme afluxo de torcedores ao gin\u00e1sio do \u00c1lvares Cabral. Em 2003, o professor Roberto de Oliveira Silva novamente assumiu a presid\u00eancia, e, apesar de algumas dificuldades, a FESFS retomou os campeonatos.\t\t\t\t\t\t\t\t<\/div>\n\t\t\t\t<\/div>\n\t\t\t\t<div class=\"elementor-element elementor-element-bc197e3 elementor-widget elementor-widget-text-editor\" data-id=\"bc197e3\" data-element_type=\"widget\" data-widget_type=\"text-editor.default\">\n\t\t\t\t<div class=\"elementor-widget-container\">\n\t\t\t\t\t\t\t\t\tHoje a FESFS conta com o apoio da Prefeitura Municipal de Vit\u00f3ria (PMV), que, atrav\u00e9s da Lei Jaime de Navarro, ajuda nas taxas de arbitragem e premia\u00e7\u00e3o das competi\u00e7\u00f5es, e a marca esportiva Dalponte, que arca com os materiais usados nos torneios. Atualmente, v\u00e1rios munic\u00edpios, at\u00e9 mesmo do interior do Estado, participam dos campeonatos realizados pela FESFS.\t\t\t\t\t\t\t\t<\/div>\n\t\t\t\t<\/div>\n\t\t\t\t<div class=\"elementor-element elementor-element-1ebe241 elementor-widget elementor-widget-text-editor\" data-id=\"1ebe241\" data-element_type=\"widget\" data-widget_type=\"text-editor.default\">\n\t\t\t\t<div class=\"elementor-widget-container\">\n\t\t\t\t\t\t\t\t\tColatina, Linhares, Jo\u00e3o Neiva, I\u00fana, Cachoeiro de Itapemirim, Nova Ven\u00e9cia, Castelo, S\u00e3o Mateus, al\u00e9m da Grande Vit\u00f3ria, t\u00eam alguma equipe que participa das competi\u00e7\u00f5es de futsal em alguma das categorias: inicia\u00e7\u00e3o, pr\u00e9-mirim, mirim, sub15, sub17, sub20, principal e m\u00e1ster, nas modalidades masculinas ou femininas. A sede da Federa\u00e7\u00e3o fica na Avenida Princesa Isabel, n\u00ba 15, no Centro de Vit\u00f3ria, Edif\u00edcio Martinho Freitas, sala 1906. Ela \u00e9 mantida pelos clubes filiados, e conta com mais de 1.000 atletas federados. Os campeonatos estaduais da categoria adulta s\u00e3o realizados desde 1956. No quadro abaixo podemos conferir todos os campe\u00f5es do campeonato mais importante da FESFS, o Estadual adulto masculino.\t\t\t\t\t\t\t\t<\/div>\n\t\t\t\t<\/div>\n\t\t\t\t\t<\/div>\n\t\t<\/div>\n\t\t\t\t\t<\/div>\n\t\t<\/section>\n\t\t\t\t<section class=\"elementor-section elementor-top-section elementor-element elementor-element-5372aa39 elementor-section-content-middle elementor-section-boxed elementor-section-height-default elementor-section-height-default\" data-id=\"5372aa39\" data-element_type=\"section\" data-settings=\"{&quot;background_background&quot;:&quot;classic&quot;}\">\n\t\t\t\t\t\t<div class=\"elementor-container elementor-column-gap-extended\">\n\t\t\t\t\t<div class=\"elementor-column elementor-col-100 elementor-top-column elementor-element elementor-element-161ee3c8\" data-id=\"161ee3c8\" data-element_type=\"column\">\n\t\t\t<div class=\"elementor-widget-wrap elementor-element-populated\">\n\t\t\t\t\t\t<div class=\"elementor-element elementor-element-9dcfc59 elementor-widget elementor-widget-heading\" data-id=\"9dcfc59\" data-element_type=\"widget\" data-widget_type=\"heading.default\">\n\t\t\t\t<div class=\"elementor-widget-container\">\n\t\t\t\t\t<h2 class=\"elementor-heading-title elementor-size-default\">Miss\u00e3o<\/h2>\t\t\t\t<\/div>\n\t\t\t\t<\/div>\n\t\t\t\t<div class=\"elementor-element elementor-element-35c68989 elementor-widget elementor-widget-text-editor\" data-id=\"35c68989\" data-element_type=\"widget\" data-widget_type=\"text-editor.default\">\n\t\t\t\t<div class=\"elementor-widget-container\">\n\t\t\t\t\t\t\t\t\tA nossa miss\u00e3o \u00e9 tornar o Futsal cada vez mais forte e competitivo, voltando a ser representado nas Ta\u00e7as Brasil de Clubes, e Campeonatos Brasileiros de sele\u00e7\u00f5es com respeito por nossos advers\u00e1rios, com apoio da m\u00eddia Escrita, Falada e Televisada, abrindo assim caminhos para investimentos de patrocinadores fortes acreditando que o Futsal pode ser visto como Esporte de maior crescimento no cen\u00e1rio Esportivo, sendo atrativo para investidores, com a maior visibilidade do Estado. \t\t\t\t\t\t\t\t<\/div>\n\t\t\t\t<\/div>\n\t\t\t\t<div class=\"elementor-element elementor-element-382c54d elementor-widget elementor-widget-text-editor\" data-id=\"382c54d\" data-element_type=\"widget\" data-widget_type=\"text-editor.default\">\n\t\t\t\t<div class=\"elementor-widget-container\">\n\t\t\t\t\t\t\t\t\tPrecisamos ter no nosso Estado novos atletas que servir\u00e3o de referencias como em anos anteriores foram descobertos no Futsal e hoje despontam ate mesmo em Sele\u00e7\u00e3o Brasileira, damos alguns exemplos: Bur\u00fa, M\u00e3o, Pierre, Bruno Malias, Duda e etc.\t\t\t\t\t\t\t\t<\/div>\n\t\t\t\t<\/div>\n\t\t\t\t<div class=\"elementor-element elementor-element-5efb010 elementor-widget elementor-widget-text-editor\" data-id=\"5efb010\" data-element_type=\"widget\" data-widget_type=\"text-editor.default\">\n\t\t\t\t<div class=\"elementor-widget-container\">\n\t\t\t\t\t\t\t\t\tAcreditamos poder ser novamente um esporte de referencia para novos valores, especialmente atletas Jovens que no futuro ser\u00e3o novos Valores das quadras e dos gramados brasileiro e ate mesmo internacional, como Foi Maxsuel, S\u00e1vio, Giovani e etc. Por\u00e9m necessitamos da ajuda e apoio de todos que tenha o Futsal como um esporte apaixonante e que mais cresce no Pa\u00eds.\t\t\t\t\t\t\t\t<\/div>\n\t\t\t\t<\/div>\n\t\t\t\t\t<\/div>\n\t\t<\/div>\n\t\t\t\t\t<\/div>\n\t\t<\/section>\n\t\t\t\t<\/div>\n\t\t","protected":false},"excerpt":{"rendered":"<p>A Federa\u00e7\u00e3o HIST\u00d3RIA \u00c9 no futsal que o Esp\u00edrito Santo det\u00e9m seus principais t\u00edtulos de n\u00edvel nacional, primeiro em 1982 (\u00e0 \u00e9poca, ainda como futebol de sal\u00e3o), quando a sele\u00e7\u00e3o capixaba sagrou-se campe\u00e3 brasileira juvenil, e depois em 1992, com o Saldanha da Gama vencendo a Ta\u00e7a Brasil de Clubes, tamb\u00e9m na categoria juvenil. Arquibancadas &hellip;<\/p>\n<p class=\"read-more\"> <a class=\"\" href=\"https:\/\/fesfs.com.br\/home\/?page_id=20\"> <span class=\"screen-reader-text\">SOBRE N\u00d3S<\/span> Leia mais &raquo;<\/a><\/p>\n","protected":false},"author":1,"featured_media":0,"parent":0,"menu_order":0,"comment_status":"closed","ping_status":"closed","template":"","meta":{"footnotes":""},"class_list":["post-20","page","type-page","status-publish","hentry"],"_links":{"self":[{"href":"https:\/\/fesfs.com.br\/home\/index.php?rest_route=\/wp\/v2\/pages\/20","targetHints":{"allow":["GET"]}}],"collection":[{"href":"https:\/\/fesfs.com.br\/home\/index.php?rest_route=\/wp\/v2\/pages"}],"about":[{"href":"https:\/\/fesfs.com.br\/home\/index.php?rest_route=\/wp\/v2\/types\/page"}],"author":[{"embeddable":true,"href":"https:\/\/fesfs.com.br\/home\/index.php?rest_route=\/wp\/v2\/users\/1"}],"replies":[{"embeddable":true,"href":"https:\/\/fesfs.com.br\/home\/index.php?rest_route=%2Fwp%2Fv2%2Fcomments&post=20"}],"version-history":[{"count":3,"href":"https:\/\/fesfs.com.br\/home\/index.php?rest_route=\/wp\/v2\/pages\/20\/revisions"}],"predecessor-version":[{"id":564,"href":"https:\/\/fesfs.com.br\/home\/index.php?rest_route=\/wp\/v2\/pages\/20\/revisions\/564"}],"wp:attachment":[{"href":"https:\/\/fesfs.com.br\/home\/index.php?rest_route=%2Fwp%2Fv2%2Fmedia&parent=20"}],"curies":[{"name":"wp","href":"https:\/\/api.w.org\/{rel}","templated":true}]}}

SOBRE NÓS

<div data-elementor-type="wp-post" data-elementor-id="20" class="elementor elementor-20">
						<section class="elementor-section elementor-top-section elementor-element elementor-element-4df10ad elementor-section-full_width elementor-section-height-default elementor-section-height-default" data-id="4df10ad" data-element_type="section" data-settings="{&quot;background_background&quot;:&quot;classic&quot;}">
						<div class="elementor-container elementor-column-gap-no">
					<div class="elementor-column elementor-col-100 elementor-top-column elementor-element elementor-element-2f1a18a" data-id="2f1a18a" data-element_type="column">
			<div class="elementor-widget-wrap elementor-element-populated">
						<div class="elementor-element elementor-element-475dfe9 elementor-widget elementor-widget-heading" data-id="475dfe9" data-element_type="widget" data-widget_type="heading.default">
				<div class="elementor-widget-container">
					<h2 class="elementor-heading-title elementor-size-default">A Federação</h2>				</div>
				</div>
					</div>
		</div>
					</div>
		</section>
				<section class="elementor-section elementor-top-section elementor-element elementor-element-53b28d2d elementor-section-content-middle elementor-section-boxed elementor-section-height-default elementor-section-height-default" data-id="53b28d2d" data-element_type="section">
						<div class="elementor-container elementor-column-gap-extended">
					<div class="elementor-column elementor-col-100 elementor-top-column elementor-element elementor-element-1d5dcda9" data-id="1d5dcda9" data-element_type="column">
			<div class="elementor-widget-wrap elementor-element-populated">
						<div class="elementor-element elementor-element-3fb36a3c elementor-widget elementor-widget-heading" data-id="3fb36a3c" data-element_type="widget" data-widget_type="heading.default">
				<div class="elementor-widget-container">
					<h2 class="elementor-heading-title elementor-size-default">HISTÓRIA</h2>				</div>
				</div>
				<div class="elementor-element elementor-element-1fa69725 elementor-widget elementor-widget-text-editor" data-id="1fa69725" data-element_type="widget" data-widget_type="text-editor.default">
				<div class="elementor-widget-container">
									É no futsal que o Espírito Santo detém seus principais títulos de nível nacional, primeiro em 1982 (à época, ainda como futebol de salão), quando a seleção capixaba sagrou-se campeã brasileira juvenil, e depois em 1992, com o Saldanha da Gama vencendo a Taça Brasil de Clubes, também na categoria juvenil. Arquibancadas lotadas, expectativa e emoção.								</div>
				</div>
				<div class="elementor-element elementor-element-1aa3392 elementor-widget elementor-widget-text-editor" data-id="1aa3392" data-element_type="widget" data-widget_type="text-editor.default">
				<div class="elementor-widget-container">
									Essas são as algumas das características do futsal no Estado. Conquista e interação faz parte da jornada da FESFS, que tem apoio de clubes tradicionais, como Álvares Cabral, Saldanha da Gama, dentre outros, e agremiações novas, como Jardim Limoeiro, Forte, Aest, Unesc (Colatina) etc.								</div>
				</div>
				<div class="elementor-element elementor-element-889fd3f elementor-widget elementor-widget-text-editor" data-id="889fd3f" data-element_type="widget" data-widget_type="text-editor.default">
				<div class="elementor-widget-container">
									Antes da fundação da FESFS, o futsal (à época, ainda como futebol de salão) era vinculado a FACE, entidade que contava com mais de dez equipes em quatro modalidades esportivas, sendo presidida no seu último ano por Eulier Favaro Machado.								</div>
				</div>
				<div class="elementor-element elementor-element-6266530 elementor-widget elementor-widget-text-editor" data-id="6266530" data-element_type="widget" data-widget_type="text-editor.default">
				<div class="elementor-widget-container">
									Mesmo com o sucesso conquistado dentro e fora do Estado, a FACE acabou por fechar suas portas, trazendo inúmeras preocupações aos capixabas, amantes do esporte. Para que não houvesse paralisação no ainda chamado futebol de salão, foi necessário buscar apoio na Federação de Futebol de Campo (FDE), então presidida por Luiz Gabeira.								</div>
				</div>
				<div class="elementor-element elementor-element-6076244 elementor-widget elementor-widget-text-editor" data-id="6076244" data-element_type="widget" data-widget_type="text-editor.default">
				<div class="elementor-widget-container">
									Foi então que Nilo Etienne Duarte começou a fazer parte na história do esporte. Ele atuava na assessoria da entidade e passou a tomar conta dos esportes de quadra, realizando todos os campeonatos de futebol de salão. Os anos de glória da FESFS foram no início da década de 90.								</div>
				</div>
				<div class="elementor-element elementor-element-7f2aa10 elementor-widget elementor-widget-text-editor" data-id="7f2aa10" data-element_type="widget" data-widget_type="text-editor.default">
				<div class="elementor-widget-container">
									Nesse período, o futsal capixaba realizava jogos o ano todo em todas as categorias, desde o fraldinha, nome carinhoso dado ao quadro de 9 a 10 anos, ao principal. O Campeonato Brasileiro de Seleções foi também um dos que marcaram a trajetória da Federação, pois estiveram presentes as principais equipes do país.								</div>
				</div>
				<div class="elementor-element elementor-element-d3a72be elementor-widget elementor-widget-text-editor" data-id="d3a72be" data-element_type="widget" data-widget_type="text-editor.default">
				<div class="elementor-widget-container">
									Nesse mesmo período, a seleção brasileira jogou no Estado, com enorme afluxo de torcedores ao ginásio do Álvares Cabral. Em 2003, o professor Roberto de Oliveira Silva novamente assumiu a presidência, e, apesar de algumas dificuldades, a FESFS retomou os campeonatos.								</div>
				</div>
				<div class="elementor-element elementor-element-bc197e3 elementor-widget elementor-widget-text-editor" data-id="bc197e3" data-element_type="widget" data-widget_type="text-editor.default">
				<div class="elementor-widget-container">
									Hoje a FESFS conta com o apoio da Prefeitura Municipal de Vitória (PMV), que, através da Lei Jaime de Navarro, ajuda nas taxas de arbitragem e premiação das competições, e a marca esportiva Dalponte, que arca com os materiais usados nos torneios. Atualmente, vários municípios, até mesmo do interior do Estado, participam dos campeonatos realizados pela FESFS.								</div>
				</div>
				<div class="elementor-element elementor-element-1ebe241 elementor-widget elementor-widget-text-editor" data-id="1ebe241" data-element_type="widget" data-widget_type="text-editor.default">
				<div class="elementor-widget-container">
									Colatina, Linhares, João Neiva, Iúna, Cachoeiro de Itapemirim, Nova Venécia, Castelo, São Mateus, além da Grande Vitória, têm alguma equipe que participa das competições de futsal em alguma das categorias: iniciação, pré-mirim, mirim, sub15, sub17, sub20, principal e máster, nas modalidades masculinas ou femininas. A sede da Federação fica na Avenida Princesa Isabel, nº 15, no Centro de Vitória, Edifício Martinho Freitas, sala 1906. Ela é mantida pelos clubes filiados, e conta com mais de 1.000 atletas federados. Os campeonatos estaduais da categoria adulta são realizados desde 1956. No quadro abaixo podemos conferir todos os campeões do campeonato mais importante da FESFS, o Estadual adulto masculino.								</div>
				</div>
					</div>
		</div>
					</div>
		</section>
				<section class="elementor-section elementor-top-section elementor-element elementor-element-5372aa39 elementor-section-content-middle elementor-section-boxed elementor-section-height-default elementor-section-height-default" data-id="5372aa39" data-element_type="section" data-settings="{&quot;background_background&quot;:&quot;classic&quot;}">
						<div class="elementor-container elementor-column-gap-extended">
					<div class="elementor-column elementor-col-100 elementor-top-column elementor-element elementor-element-161ee3c8" data-id="161ee3c8" data-element_type="column">
			<div class="elementor-widget-wrap elementor-element-populated">
						<div class="elementor-element elementor-element-9dcfc59 elementor-widget elementor-widget-heading" data-id="9dcfc59" data-element_type="widget" data-widget_type="heading.default">
				<div class="elementor-widget-container">
					<h2 class="elementor-heading-title elementor-size-default">Missão</h2>				</div>
				</div>
				<div class="elementor-element elementor-element-35c68989 elementor-widget elementor-widget-text-editor" data-id="35c68989" data-element_type="widget" data-widget_type="text-editor.default">
				<div class="elementor-widget-container">
									A nossa missão é tornar o Futsal cada vez mais forte e competitivo, voltando a ser representado nas Taças Brasil de Clubes, e Campeonatos Brasileiros de seleções com respeito por nossos adversários, com apoio da mídia Escrita, Falada e Televisada, abrindo assim caminhos para investimentos de patrocinadores fortes acreditando que o Futsal pode ser visto como Esporte de maior crescimento no cenário Esportivo, sendo atrativo para investidores, com a maior visibilidade do Estado. 								</div>
				</div>
				<div class="elementor-element elementor-element-382c54d elementor-widget elementor-widget-text-editor" data-id="382c54d" data-element_type="widget" data-widget_type="text-editor.default">
				<div class="elementor-widget-container">
									Precisamos ter no nosso Estado novos atletas que servirão de referencias como em anos anteriores foram descobertos no Futsal e hoje despontam ate mesmo em Seleção Brasileira, damos alguns exemplos: Burú, Mão, Pierre, Bruno Malias, Duda e etc.								</div>
				</div>
				<div class="elementor-element elementor-element-5efb010 elementor-widget elementor-widget-text-editor" data-id="5efb010" data-element_type="widget" data-widget_type="text-editor.default">
				<div class="elementor-widget-container">
									Acreditamos poder ser novamente um esporte de referencia para novos valores, especialmente atletas Jovens que no futuro serão novos Valores das quadras e dos gramados brasileiro e ate mesmo internacional, como Foi Maxsuel, Sávio, Giovani e etc. Porém necessitamos da ajuda e apoio de todos que tenha o Futsal como um esporte apaixonante e que mais cresce no País.								</div>
				</div>
					</div>
		</div>
					</div>
		</section>
				</div>

<p>A Federação HISTÓRIA É no futsal que o Espírito Santo detém seus principais títulos de nível nacional, primeiro em 1982 (à época, ainda como futebol de salão), quando a seleção capixaba sagrou-se campeã brasileira juvenil, e depois em 1992, com o Saldanha da Gama vencendo a Taça Brasil de Clubes, também na categoria juvenil. Arquibancadas &hellip;</p>
<p class="read-more"> <a class="" href="https://fesfs.com.br/home/?page_id=20"> <span class="screen-reader-text">SOBRE NÓS</span> Leia mais &raquo;</a></p>
